3, 5
Suppose 0 = r - 4 - 4. Let w be (-306)/(-8) - 2/r. What are the prime factors of 1*(-3 + (w - -2))?
37
Let c = 156 + -154. Let x = -10 - -26. Suppose 5*j = -c*i + 26, -x = -i - 5*j - 3. List the prime factors of i.
13
Let l(c) = c**3 - 7*c**2 - 9*c + 2. Let m be l(8). Let v(n) = -n**3 + n**2 + 9*n + 13. What are the prime factors of v(m)?
211
Let c(y) = 4*y**2 + 3*y. Suppose 5*d + 1 = -4. Let g be d + (-1 - 0/1). List the prime factors of c(g).
2, 5
Suppose -30*k = -7*k - 88780. What are the prime factors of k?
2, 5, 193
Let l be ((-1)/2)/(2/4). Let r = l - -5. Suppose 3*b + s - 20 = 0, -2*b + 7*b + r*s = 38. List the prime factors of b.
2, 3
Let t(z) = 36*z**3 - z**2 + 2*z - 2. Let r be t(1). What are the prime factors of (6 - 8)/((-1)/r)?
2, 5, 7
Let h(s) be the third derivative of s**4/12 + 3*s**3 - 18*s**2. What are the prime factors of h(-6)?
2, 3
Let f(i) = -i - 3. Let o be f(-5). Suppose 0 = -0*a - 2*a, -a + 228 = 4*c. Suppose -2*z = 3*r - o*r - c, -4*r = -z - 246. List the prime factors of r.
61
Let h = 9 - 4. Suppose h*i + 5*i = 680. List the prime factors of i.
2, 17
Suppose -1030 + 281 = -7*x. Let o = x + 5. What are the prime factors of o?
2, 7
Let c(g) = g**3 - 3*g**2 + 4*g + 4. Suppose 4*k + 1 - 9 = 0. Suppose -2*h - 17 = 5*q, -2*h + k*q + 13 = -5. List the prime factors of c(h).
2, 3
Suppose 17*d + 14980 = 27*d. What are the prime factors of d?
2, 7, 107
Suppose 0*m - 2*m = 6. Suppose 7*h + 34 = 10*h - 4*g, 0 = -h + 5*g + 26. Let d = m + h. What are the prime factors of d?
3
Suppose -l = 79 + 41. List the prime factors of (1/1)/((-10)/l).
2, 3
List the prime factors of (-14)/105*-6 - 52084/(-20).
5, 521
Suppose -2004 = -5*r + 2101. List the prime factors of r.
821
Let k be (25/2)/((-2)/(-4)). Let l = -1 - k. Let p = 32 + l. List the prime factors of p.
2, 3
List the prime factors of 10 - -66*(-348)/(-18).
2, 643
Suppose -62 = 3*s + 4*z, -3*s + 2*s + z - 30 = 0. Suppose b - 4*h + 29 - 5 = 0, -b - 2*h = 30. Let i = s - b. List the prime factors of i.
2
Suppose z + 27*p = 30*p + 4094, 3*p = -z + 4088. What are the prime factors of z?
4091
Let j(g) = 15*g**2 + 18*g + 13. List the prime factors of j(11).
2, 1013
Suppose 0 = u + 2*u - 6. Suppose -w - 27 = -4*s, 0 = -4*s + u*s + 3*w + 11. Suppose 243 = s*d - 51. List the prime factors of d.
2, 3, 7
Let g be (0 + (1 - 1))/((-108)/54). Suppose g = -16*i - 0*i + 1344. List the prime factors of i.
2, 3, 7
What are the prime factors of ((-125 - -6) + -5)*-10?
2, 5, 31
Let v(m) be the first derivative of -5 + 3 + 2*m**2 + 0. List the prime factors of v(7).
2, 7
Let y(f) = -f**3 - 3*f**2 + 11. Let b(s) = s**3 + 6*s**2 - 21. Let v(n) = 4*b(n) + 7*y(n). List the prime factors of v(-3).
101
Let z(f) be the first derivative of f**4/4 - 19*f**3/3 + 23*f**2/2 + f + 9. Let s be z(18). Suppose -5*d + 114 = -s. What are the prime factors of d?
41
Suppose -3*l = -0*g + g - 127, 0 = -l - 3*g + 37. Let f(w) = -w**3 - 3*w**2 - w + 2. Let j be f(-3). Suppose j*q - l = -18. What are the prime factors of q?
5
Let q(n) be the second derivative of -27*n**3 - n**2 + n. Let b be q(-1). List the prime factors of b/(-6)*18/(-15).
2
Let d(a) be the first derivative of -5*a**2/2 - 2*a - 1. Suppose -8*z = 13*z + 147. List the prime factors of d(z).
3, 11
Suppose 709 = 12*l - 263. List the prime factors of l.
3
Let b = -1767 + 4856. What are the prime factors of b?
3089
Let x(a) = a**2 - 5*a - 8. Let w be x(7). Let o(c) = -6*c + 16*c + 0*c**3 + 0*c**3 - 8 + 5*c**2 - c**3. List the prime factors of o(w).
2
Suppose 26 + 70 = 5*t - 4*n, -5*n - 75 = -4*t. List the prime factors of 390/t + (-1)/2.
19
Let l(t) be the third derivative of -t**6/720 - t**5/24 + 5*t**4/24 + 5*t**2. Let d(x) be the second derivative of l(x). What are the prime factors of d(-12)?
7
Let a(h) = 21*h + 2. Let n(b) = b - 16. Let o be n(22). What are the prime factors of a(o)?
2
List the prime factors of (-2658)/(-6) + (0 + -4)/4.
2, 13, 17
Let q = 111 - 69. Suppose q = m + 2*m. What are the prime factors of m?
2, 7
Suppose 2145 = -7*i + 20*i. What are the prime factors of i?
3, 5, 11
Let v = 1142 - 877. What are the prime factors of v?
5, 53
Let z = 82 + -79. Suppose z*b - 5*b = -388. What are the prime factors of b?
2, 97
Let s(m) = m**2 - 16*m - 16. Let q be (-1 - (-60)/3) + (-9)/(-3). What are the prime factors of s(q)?
2, 29
Suppose -4*i - 5*u + 30 - 5 = 0, 42 = 3*i - 4*u. Let l(b) = -7 + 8*b + 2*b**3 + 3*b + 9*b**2 - 5*b**3 + 2*b**3. What are the prime factors of l(i)?
3
Let x(y) = -y**2 + 15*y - 21. Let g be x(10). Let o = -26 + g. Suppose -o*d + 120 = -0*d. List the prime factors of d.
2, 5
Suppose -25*n + 2187 = -16*n. List the prime factors of n.
3
Let k be (6 - 9/3) + -1. Suppose -10 = -k*z - 0*z. Suppose -z*h + 154 = -61. What are the prime factors of h?
43
Let v be 1/(-1) + (-3 - 1). Let i(g) = -g**3 - 3*g**2 + 4*g + 1. List the prime factors of i(v).
31
Let m(o) be the first derivative of 49*o**2/2 + 4*o + 15. List the prime factors of m(2).
2, 3, 17
Suppose 0 = -4*x - 2*r + 482, 290 = 3*x - 5*r - 91. Suppose d + 6*d = 21. Suppose -x = -d*n + n. What are the prime factors of n?
61
Suppose -79 - 301 = -2*g - 4*l, 4*g - 786 = 5*l. Let r = 284 - g. List the prime factors of r.
2, 3, 5
Suppose 0 = 4*d - 0*d + 24. Let w(a) = -a**3 - 5*a**2 + 3*a - 5. Let t be w(d). Suppose -103 = -5*q - t. What are the prime factors of q?
2, 3
Suppose 3*t + 0*t - 6 = 0. Suppose u - 1 = -g, 0 = -2*u + 2*g + 1 + 9. Suppose -57 = -h - 2*r, -166 - t = -3*h - u*r. What are the prime factors of h?
5, 11
Let q(o) = o**3 - 9*o**2 + 59*o - 44. List the prime factors of q(14).
2, 881
Let v be 13/(-78) - (-586)/(-12). Let n = v + 68. List the prime factors of n.
19
Let c = -225 + 1416. What are the prime factors of c?
3, 397
Let s be (-2)/(-3) - (-2 + 32/12). Suppose -i + 2*x + 1 + 11 = s, 4*x + 66 = 5*i. List the prime factors of i.
2, 7
Let w = 1137 + -670. List the prime factors of w.
467
Suppose 5*i - 43 = -3*d, 0 = -3*i - d + 17 + 8. Let g = 12 + -5. Suppose g*o = i*o - 6. List the prime factors of o.
2, 3
Let s be (-6)/(-4)*20/3. Suppose 2*b - 1 = 3*f - s, -2*b + 6 = 0. Suppose -r = -1, -5*g + f*r = r - 36. What are the prime factors of g?
2
Let g = -25 + 18. Let v(d) = -d**2 - 8*d - 10. Let q be v(g). Let p(j) = -j**3 - 2*j**2 + 2*j + 1. List the prime factors of p(q).
2
Let v = 5339 + -2996. List the prime factors of v.
3, 11, 71
List the prime factors of 190*((-14)/(-21) + 4/30).
2, 19
What are the prime factors of (4*(-8)/(-64))/(1/638)?
11, 29
Suppose -x - 491 = -5*u, 2*x = -u + 89 + 18. Suppose -10*t - u = -13*t. Let b = t - 13. List the prime factors of b.
2, 5
What are the prime factors of (19 - 15) + (0 - -1 - -299)?
2, 19
Suppose 9*g + g = 4490. List the prime factors of g.
449
Suppose 10*p - 16*p + 90 = 0. List the prime factors of (p/2)/((-18)/(-60)).
5
Let a(i) = i**3 + 5*i**2 - 4*i + 5. Let b be a(-4). Let w = -34 + b. What are the prime factors of w?
3
Suppose 0 = -2*j - j + 18. Let w be j - ((-8)/(-4) - -2). Let u = w + 35. List the prime factors of u.
37
Let u(w) = 4*w**2 + 13*w - 13. Let k be u(-11). Suppose -k - 302 = -7*m. What are the prime factors of m?
2, 3, 5
Let r be 87/9 + 2/6. Let p = r - 40. What are the prime factors of (-1 - p/2) + -3?
11
Suppose -60 = 5*z - 2*c + c, -2*z - 24 = -3*c. Let v = z - -11. List the prime factors of ((-19)/v)/((-2)/(-4)).
2, 19
Suppose -637*a - 29744 = -648*a. What are the prime factors of a?
2, 13
Let p(z) = 2*z**3 + 5*z**2 + 22*z - 31. List the prime factors of p(10).
2689
Let a(i) = 185*i**2 - i - 4. What are the prime factors of a(2)?
2, 367
Let x(u) = u**2 + 6*u + 3. Let z(k) = 5*k + 2. Let b(n) = 3*x(n) - 2*z(n). What are the prime factors of b(-5)?
2, 5
Let q be -1 + 1 + 4 - -3. Suppose v + 0*v = q. What are the prime factors of v?
7
Let u(k) = 24*k - 4. What are the prime factors of u(26)?
2, 5, 31
Let c = 57 - 61. What are the prime factors of 99 + ((-5)/((-10)/c) - 0)?
97
Let g be (-7)/((-7)/4) + 24. Suppose 0 = -8*j + 4*j + g. Suppose 0 = b - j - 6. What are the prime factors of b?
13
Suppose 0 = 5*w - 4*f - 421, 0*w + 257 = 3*w + 2*f. Suppose 3*r = 176 + w. What are the prime factors of r?
3, 29
Suppose 3*h - 3 = 2*h + g, 21 = 2*h - 5*g. List the prime factors of (-37)/(2/4*h).
37
Let 